
Let u = 17 + -6. Suppose -u = -3*t - 5. Suppose 0 = h - x - 8, 2*h - 3*h = t*x - 23. What are the prime factors of h?
13
Suppose 3*p - 2*y = 5 + 6, 10 = 4*p - 5*y. Suppose 4*w = 119 + 289. Suppose 12 = -p*z + w. What are the prime factors of z?
2, 3
Suppose 2*q = 2*a + 3*q - 335, -675 = -4*a - 3*q. What are the prime factors of a?
3, 5, 11
Let g = 821 - 374. List the prime factors of g.
3, 149
Let g be 4 + 0*(-1)/3. Let f be 12 + g*4/(-8). What are the prime factors of 4/f + (-1071)/(-35)?
31
Suppose 0 = 3*n - 9, -f + n - 1 - 1 = 0. Suppose 53 = 12*s - 19. Suppose s*u + f = 55. What are the prime factors of u?
3
Suppose -5*h = -7*h + 6. Let u(r) = -r**h + 6*r**2 - 16*r**2 + 8*r**2 - 2. List the prime factors of u(-3).
7
Let w(n) be the third derivative of -n**4/12 - 13*n**3/3 - 6*n**2. What are the prime factors of w(-16)?
2, 3
Suppose 90 - 222 = 4*f. Let p = 7 - f. List the prime factors of p.
2, 5
Suppose 8*f - 3*f - 30 = 0. Let d = f - -33. Let b = d + -11. List the prime factors of b.
2, 7
Let h = -331 + 1364. List the prime factors of h.
1033
Let l = 1850 + -1382. List the prime factors of l.
2, 3, 13
Suppose -d + 5*y + 55 = -0*d, 0 = 5*y + 10. What are the prime factors of d?
3, 5
Let g(y) = 1. Let x(f) = -8*f**2 + f + 3. Let h(c) = 6*g(c) - x(c). Let b(p) be the first derivative of h(p). List the prime factors of b(1).
3, 5
Let a be 638 + -3 + (8 - 3). Suppose 5*r = -3*s + a, 0*r - 645 = -5*r - 4*s. What are the prime factors of r?
5
Suppose 0 = 7*n + 8 - 337. List the prime factors of n.
47
Let u = 65 + -85. Let t = 65 - u. List the prime factors of t.
5, 17
Let l(d) = 17*d**2 + 9*d + 48. List the prime factors of l(-8).
2, 7, 19
Let p = -8 - -11. Let b be p + ((-3)/3 - -3). Suppose -2*q - 22 = -4*k - 0*q, -q = b*k - 24. List the prime factors of k.
5
Let i = -31 - -24. Let u(x) = x**2 + 11*x + 16. Let m be u(i). List the prime factors of 4*(-21)/m - 1.
2, 3
Let o(m) = -m**3 + 15*m**2 - 3*m + 13. What are the prime factors of o(13)?
2, 3, 13
Let v = 18 - 13. Suppose -2*m + 2*z + 11 = -v, -5*z - 20 = 0. Suppose 3*g = 2*y - 87, -2*y + m*g + 92 = -0. List the prime factors of y.
2, 3
Let a(w) = w**2 + 2*w - 2. Let h be a(2). Suppose -h*v + 177 = -183. What are the prime factors of v?
2, 3, 5
List the prime factors of (-5)/30*(-22 + -12734).
2, 1063
Let f = -64 + 74. List the prime factors of f.
2, 5
Suppose 4*p = 2*t - 4*t + 116, 0 = 4*p + 12. What are the prime factors of t?
2
Let z = 8 - 11. List the prime factors of 2 + (-4 - z)*-177.
179
Let a(h) = -h**3 - h**2 + 3*h + 204. Let i be a(0). Suppose -2*u + 92 + i = 0. List the prime factors of u.
2, 37
Let q = 12796 - 8076. What are the prime factors of q?
2, 5, 59
Let q = 45 + -41. Suppose -q*t - 6 + 18 = 0, 2*o = -3*t + 111. List the prime factors of o.
3, 17
Let q be 37 - (-4 + 1) - 4. Suppose -3*t = t - q. Suppose 5*v - 3*z = 13, 0*z + z - t = -5*v. What are the prime factors of v?
2
Suppose -4*p + 2484 = 2*a, -5*p + 899 = 4*a - 2209. What are the prime factors of p?
2, 5, 31
Let g(m) = -m + 18. Let t be g(12). Let b(x) be the third derivative of x**5/60 - x**4/12 + x**3/2 + 7*x**2. What are the prime factors of b(t)?
3
Let s(m) be the third derivative of 59*m**4/12 - 10*m**3/3 + 52*m**2. What are the prime factors of s(2)?
2, 3
Let p = -11 - -13. Let z(d) = -5 + d**3 - 2*d + 5*d**p + 0*d + 15 - 5. What are the prime factors of z(-4)?
29
Let h(g) = -605*g**2 + 4*g - 3. Let u be h(1). List the prime factors of -6*(-1)/(-4)*u/6.
151
What are the prime factors of (44/(-4) - 1)/(4/(-58))?
2, 3, 29
Let l = -758 + 2076. Suppose -l = -12*s + 98. What are the prime factors of s?
2, 59
Let i(l) = -2*l - 30. Let j be i(-15). Suppose -2*h = 2*h + g - 362, j = -h - g + 89. List the prime factors of h.
7, 13
Let o(c) = -c**2 + 54*c - 14. What are the prime factors of o(16)?
2, 3, 11
Let n(c) = c**2 + 4*c - 7. Let i be n(-5). Let p be (-66 - i)/(-4) - -1. Let y = 48 - p. What are the prime factors of y?
31
Let w = 52 + -31. Suppose -2*g + 4*n = -g - w, 5*g + 2*n = 83. List the prime factors of g.
17
Let k(r) = -r + 4. Let c be k(4). Suppose -6*t + 315 = 9*t. Suppose c = -2*a + 27 + t. What are the prime factors of a?
2, 3
Let t(g) = 7*g**3 - 5*g**2 + 6*g - 7. What are the prime factors of t(4)?
5, 7, 11
Let m = -19 + 22. Suppose m*y = o + 48 + 1, -o = -y + 55. Let n = 111 + o. List the prime factors of n.
53
Let l = -23 - -45. Suppose -18*p + l*p = 716. What are the prime factors of p?
179
Let g(m) be the first derivative of -3*m**4/2 - m**3/3 - m - 3. List the prime factors of g(-2).
43
Let r be 4*((-1)/(-1) - (-95)/(-20)). Let o(h) = h**3 + 16*h**2 - 4*h - 28. List the prime factors of o(r).
257
Let n = 97 + -62. Let u = 81 - n. What are the prime factors of u?
2, 23
Suppose 6*r - 25961 + 4559 = 0. List the prime factors of r.
3, 29, 41
Let u(o) = o**3 + 7*o**2 - 13*o + 2. List the prime factors of u(4).
2, 3, 7
Let b(i) = 189*i**2 - 2*i - 1. What are the prime factors of b(2)?
751
Suppose 5*b = -3*u + 40, 5*u - 23 = 2. Suppose b*f - 415 - 180 = 0. Suppose -h - 2*z - f = -4*h, 201 = 5*h - 2*z. List the prime factors of h.
41
Suppose 0 = 4*p + 2*y - 4, -5*p + y + 12 = 0. Let t be (4 - (-44)/10)*10. Suppose 5*i - p*i = -a + 46, -2*a = 2*i - t. What are the prime factors of a?
2, 5
Let o = 73 - 1. Let m = o - 34. List the prime factors of m.
2, 19
Suppose -6*z + z + 20 = 0. Suppose 0 = -2*p - 4*l - l - z, -4*p + 4*l - 36 = 0. List the prime factors of (p + 8)*(-1 - -32).
31
Suppose -4*k + 0*w - 2*w = -9848, -2*k + 5*w = -4900. List the prime factors of k.
2, 3, 5, 41
Suppose -4*c = k - 5*c - 3551, -4*c + 7108 = 2*k. What are the prime factors of k?
2, 3, 37
Let l be (36/(-45))/(((-4)/(-230))/1). Let x = 149 + l. List the prime factors of x.
103
Suppose -20*h - 14520 = -26*h. List the prime factors of h.
2, 5, 11
Let n = -5 - -9. Let o be ((-9)/(-5))/(n/20). Suppose a = -o + 28. List the prime factors of a.
19
Let b be ((-27)/2)/(12/(-32)). Let f = 0 + b. Suppose f = 5*w - w. What are the prime factors of w?
3
Suppose -2*a + 6*a + 2*v - 764 = 0, 0 = -a + v + 191. Let x = a - -9. What are the prime factors of x?
2, 5
Let q = 132 - 132. Suppose g - n = 281, q*n + n - 271 = -g. List the prime factors of g.
2, 3, 23
What are the prime factors of (-1)/((-6)/7572*2)?
631
Let t(r) = -5*r + 18. Let b(y) = -10*y + 37. Let i(a) = -4*b(a) + 9*t(a). Let d be i(4). List the prime factors of ((-441)/d)/(-3)*-2.
7
What are the prime factors of 7220/15*8/(160/30)?
2, 19
Let z = 1968 + 28. List the prime factors of z.
2, 499
Suppose 2*m = -k + 1315, -439 - 891 = -k + m. List the prime factors of k.
5, 53
Suppose -2*o = -m - 63, -2*o = 3*m - 7*m - 72. Suppose w = -4*s + 2*s + 107, 0 = -5*s - 5*w + 255. Let h = s - o. List the prime factors of h.
2, 13
Let t = 22 + -35. Let b = t - -78. List the prime factors of b.
5, 13
Let j(q) = q**2 - 13 + q**2 + 0*q**2 + 10. What are the prime factors of j(-4)?
29
Suppose -2*y - 4*a = -30, -3*y - a = -10 - 10. Let z(p) = -y + 6 + p + 1 + 2. What are the prime factors of z(12)?
2
Let u = -9 - -13. Suppose u*s - 2 = 3*s. List the prime factors of 2 + 10 - 0/s.
2, 3
Let j be ((-4)/(-6))/((-26)/(-507)). Suppose -6*t - 29 = j. Let y(z) = z**3 + 7*z**2 - 9*z - 4. List the prime factors of y(t).
59
Let v(o) = -9*o**2 - 34*o - 1. Let n(k) = -4*k**2 - 17*k. Let d(r) = 7*n(r) - 3*v(r). List the prime factors of d(-9).
3, 5
Suppose 25 = 5*s - 5. Let g = s - 8. What are the prime factors of ((-77)/22)/(g/12)?
3, 7
Let p(b) = -11*b - 1. Let a(o) = o**3 + 8*o**2 - 8*o + 8. Let x be a(-9). List the prime factors of p(x).
2, 5
Let n(c) = -3*c**3 + c**2 + c + 1. Let p be n(-1). Let a = 63 + p. Suppose 2*v + 19 - a = 0. List the prime factors of v.
2, 3
Suppose 0 = -7*p + 12*p. Suppose -4*i + u + 37 = p, u = 6*u - 15. What are the prime factors of (-10)/(-3)*(i + -7)?
2, 5
Suppose -169 = 5*c + 261. List the prime factors of 3 - c*3/6.
2, 23
Let s(o) = o**3 + 5*o**2 + 5. Let h be s(-5). Let w be 0 + (-2)/6 - (-19)/57. Suppose -2*g - h*l + 130 = w, 2*g + 271 = 7*g - l. List the prime factors of g.
5, 11
Let k(u) = -u - 1. Let z be k(-3). Suppose -z*g - 6 = -2*d + 3*g, 12 = 4*d - 4*g. Suppose -d*n + 73 = -2. What are the prime factors of n?
5
Let o = 299 + -235. List the prime factors of o.
2
S